1
Suppose -4*v + 89 + 219 = 0. Let g = -88 - -108. What is the remainder when v is divided by g?
17
Let v(o) = -o**3 + 3*o**2 + 5*o - 1. Let h be (3 + -2)*(-1 + -5)*1. Let l(q) = -q. What is the remainder when l(h) is divided by v(4)?
0
Suppose 3*b + b - 52 = 0. Let z be (-2)/5 - (-4)/10. Suppose -4*q + 4*c + 76 = z, -q = -2*c - 0 - 15. What is the remainder when q is divided by b?
10
Suppose 6*g = 5*g - 4. Calculate the remainder when 97/g*(-2 - -1 - 3) is divided by 11.
9
Let l = 35 - 64. Let f = l + 45. Calculate the remainder when 77 is divided by f.
13
Calculate the remainder when 292 is divided by -6 + 723/15 + 1/(-5).
40
Suppose 0 = 2*a - 50 + 2. Calculate the remainder when 97 is divided by (21 - a)/(46/(-40) + 1).
17
Let g(d) = 6*d**2 - 112*d - 17. Let s = 135 + -74. Calculate the remainder when s is divided by g(19).
19
Let q(t) = t**3 - 2*t - 8*t - 15 - 3*t + 9*t**2. Let b = -487 + 493. What is the remainder when q(-10) is divided by b?
3
Suppose -5*c = -x - c, -4*x = 5*c - 21. Suppose x*s + 4 = -4. Let n(t) = 5*t**2 - 2. What is the remainder when n(s) is divided by 7?
4
Suppose 0 = u + 3*u - 992. Suppose -3*j = -550 - u. Calculate the remainder when j/8 - (-1)/(-4) is divided by 7.
5
Let b be 2/(69/(-21) - -3). Let n = 9 + b. Let j = 0 + n. Calculate the remainder when 7 is divided by j.
1
Suppose -3*x - 11 = -r, 2*r + 3*r + 5*x = 15. Let u(g) = -g**2 - 5 - g**2 + r*g + 4*g**2. Calculate the remainder when u(4) is divided by 12.
11
Suppose 3*l - 149 = -2*g + 246, 4*g = -l + 125. Calculate the remainder when 261 is divided by l.
128
Let d(b) = 59*b - 248. What is the remainder when d(6) is divided by 36?
34
Suppose 0 = 19*q - 443 + 120. What is the remainder when q is divided by 13?
4
Let s(x) = -x**2 - 10*x - 14. Let r be s(-8). Let u(y) = -y + 7. Calculate the remainder when 9 is divided by u(r).
4
Let k(p) = -p - 1. Let t be k(-2). Suppose 0 = -6*m + 5*m + t. What is the remainder when 25 is divided by m/(-5) + 330/25?
12
Suppose -2*l + 10 = -p, 0*l - 26 = 5*p + 2*l. Let r(h) = -h**2 - 9*h - 5. What is the remainder when (-94)/(-4) - (-1)/(-2) is divided by r(p)?
10
Suppose -3*m + 1104 = -d, -3*m + m = 5*d - 753. Suppose -3*h = 2*f - m, -4*h - f = -439 - 53. What is the remainder when h is divided by 42?
39
Suppose 320*j - 326*j + 30 = 0. Let t = 75 - 52. Calculate the remainder when t is divided by j.
3
Let t(p) = p**2 + 4*p - 6. Let w be t(-6). Suppose -w*q + 0*q = -48. Calculate the remainder when 11 is divided by q.
3
Let p = 4 + 19. Suppose -2*b + 70 = 20. Calculate the remainder when -55*2*(-10)/b is divided by p.
21
Let i(z) = 2*z**2 + 1. Let g be i(2). Let s = 6 + g. Suppose 4*y - 5*j = 193, -4*y - 2*j - 2 = -160. What is the remainder when y is divided by s?
12
Let m(k) = 22 + 0*k**2 - 2*k + k**2 + 1 - 4. Suppose 0 = 4*x - 9*x + 270. Calculate the remainder when x is divided by m(0).
16
Let k(g) = -g**3 + 7. Let l(h) = -10*h - 15. What is the remainder when l(-4) is divided by k(0)?
4
Let p(n) = -6*n + 85. Let q be p(14). Suppose -i + q = 0, -4*i + 33 = 3*o - i. Calculate the remainder when 49 is divided by o.
9
Let l(g) = 18*g - 276. What is the remainder when 359 is divided by l(17)?
29
Let t = -82 + 85. What is the remainder when 30 is divided by 3/t - (5 - 24)?
10
Let q(b) = -b**3 - 3*b**2 + 5*b**2 - 5 - 7*b - 9*b**2. Let y be q(-4). Let r = 30 + y. What is the remainder when 19 is divided by r?
4
What is the remainder when (74/(-3))/((-1)/3) is divided by (1/(-1))/((-4)/20)?
4
Suppose 0 = 116*u - 107*u - 1881. Calculate the remainder when u is divided by 55.
44
Let w = 76 + -177. Let h = -52 - w. Calculate the remainder when h is divided by 13.
10
What is the remainder when (-11)/((-3*8/108)/2) is divided by 19?
4
Let s = 369 - 90. What is the remainder when s is divided by 40?
39
Let f(a) = -30*a**3 - 1. Let u be 0 - 0 - 2/2. Calculate the remainder when 3/(6/904*4) is divided by f(u).
26
Let q = -333 - -361. What is the remainder when 53 is divided by q?
25
Let t = 583 - 462. Calculate the remainder when t is divided by 57.
7
Let v(j) = j**2 - 9*j + 11. What is the remainder when v(13) is divided by (-6)/(-15) + (-63)/(-5)?
11
Suppose -34*r + 1452 = -12*r. Calculate the remainder when r is divided by 14.
10
Suppose 5*a - 4*b + 1991 = 0, -3*a + 0*a = 5*b + 1202. Let p = -259 - a. What is the remainder when (-1)/3 + p/6 is divided by 13?
10
Let z(a) = -3*a + 2. Let d be (4/(-2))/(0 + 1). Let w(u) = 282*u - 1123. What is the remainder when z(d) is divided by w(4)?
3
Let g(u) = -2*u**2 + 27*u - 23. Suppose -2*o - 52 = -5*a, -108 = -4*a - 5*o - 40. What is the remainder when 46 is divided by g(a)?
7
Let b(a) = a**3 + 5*a**2 + 3*a - 4. Suppose 2*y + n + 3 = 8, 3*n = 15. Suppose -9 = -x - y*x. What is the remainder when x is divided by b(-3)?
4
Suppose y = -5*h - 17 + 3, 0 = y + 4*h + 11. Let d(l) = 7*l**2 - 2*l + 2. Calculate the remainder when 18 is divided by d(y).
4
Let n(p) = 3*p**2 - 13*p - 7. Calculate the remainder when n(6) is divided by (-13)/2*36/(-18).
10
Suppose 23*g - 24*g = 5*a - 176, -4*g + a + 767 = 0. Calculate the remainder when g is divided by 28.
23
Calculate the remainder when 68 is divided by 4/8*8 - (-18 - 1).
22
Suppose 5*p = -5*t - 5, -4*t + 2*p + 8 = -3*t. Let n(j) = 3*j - 2. Calculate the remainder when 17 is divided by n(t).
1
Suppose -3*h - 12 = -9*h. Suppose 3*y = 3*l + 204, -y - 2*l = h*y - 224. Let j(g) = g**3 - g + 25. What is the remainder when y is divided by j(0)?
22
Suppose -4*u - 4*f = -2*u + 10, 3*f + 24 = 4*u. Let m = 8 - -13. Suppose -m = -4*z - 1. What is the remainder when z is divided by u?
2
Let u be 2/(-6)*-2*36. Suppose u - 60 = -w. What is the remainder when w is divided by 13?
10
Let f(l) = 23*l - 521. What is the remainder when 36 is divided by f(23)?
4
Let z be (2/(-3))/(-1)*-9. Let u be (z - (-3 + 5))*-1. Let n = -7 + u. What is the remainder when 2 is divided by n?
0
What is the remainder when 35 is divided by ((-35)/30 + 1)/((-11)/858)?
9
Suppose -4*f + 3*l = -339, -2*f + 167 = 9*l - 8*l. Calculate the remainder when f is divided by 23.
15
Let s(p) = -15*p - 418. What is the remainder when 681 is divided by s(-32)?
61
Calculate the remainder when 132 is divided by ((-10)/(-6))/(1111/(-186) - -6).
8
Suppose -a = 4 - 23. Suppose a*q + 11 = 20*q. Suppose -4*b + 7*b = 12. Calculate the remainder when q is divided by b.
3
Let z(b) = b**2 + 39*b - 127. Calculate the remainder when 324 is divided by z(-43).
9
Let b = 523 - 14. Calculate the remainder when b is divided by 17.
16
Let y be (4 + (-11)/2)*-2. Suppose -y*f - 50 = -8*f. Calculate the remainder when 111*-2*2/(-12) is divided by f.
7
Let u = 248 - 195. Let h = 376 - 233. Suppose 5*k = h - u. What is the remainder when k is divided by 5?
3
Suppose -263*i = -252*i - 1144. What is the remainder when 1455 is divided by i?
103
Suppose -4*x + 5 = -l, 6*l + x + 46 = l. Let f(k) = -45*k - 154. What is the remainder when f(-4) is divided by (-1)/((-2)/(-4)) - l?
5
Let o be 2/(-13) + 714/78. Suppose 4*w - 3*d - o = w, -3*w + d + 13 = 0. What is the remainder when 7 is divided by w?
2
Suppose -3*s - 7 = -19. Suppose -s*y = -2*y - 12. Calculate the remainder when 81 is divided by (y/10)/((-6)/(-210)).
18
Suppose -5*u + 743 = -4*n, -19*n = -23*n + 12. Calculate the remainder when u is divided by 23.
13
Let m = -63 + 88. Let t(i) = 3*i**2 + 14 + 17*i + i**2 - 5*i**2. Calculate the remainder when m is divided by t(17).
11
Let w = 17 + 27. What is the remainder when 215 is divided by w?
39
Suppose 532 = -28*o + 1764. What is the remainder when 2109 is divided by o?
41
Let i(o) = 3*o**3 - 29*o**2 + 3*o + 81. What is the remainder when i(10) is divided by 31?
25
Suppose -5*k + 4*k + 135 = 0. Suppose -2*u - k = -5*u. Calculate the remainder when u is divided by 2 + (-15)/6*-4.
9
Let b(a) = -2*a + 9. Let l be b(0). Suppose -12*m + 210 = -l*m. What is the remainder when m is divided by 18?
16
Let y = 157 + -138. Calculate the remainder when 111 is divided by y.
16
Suppose 81 + 114 = 5*q. Let a = 11641 - 11627. What is the remainder when q is divided by a?
11
Let l = 85 + -70. Calculate the remainder when l is divided by 9.
6
Suppose 29*q - 16*q = 91. Let y = 52 - 20. What is the remainder when y is divided by q?
4
Let d be 8/(-4)*